387?
1
What is the thousands digit of 63105?
3
What is the units digit of 1350?
0
What is the hundreds digit of 328?
3
What is the units digit of 740?
0
What is the units digit of 652?
2
What is the hundreds digit of 6447?
4
What is the thousands digit of 100950?
0
What is the thousands digit of 1739?
1
What is the thousands digit of 2183?
2
What is the units digit of 1193?
3
What is the units digit of 96923?
3
What is the ten thousands digit of 38439?
3
What is the units digit of 1140?
0
What is the tens digit of 1485?
8
What is the hundreds digit of 7070?
0
What is the units digit of 26244?
4
What is the hundreds digit of 4322?
3
What is the tens digit of 9040?
4
What is the units digit of 4654?
4
What is the hundreds digit of 32939?
9
What is the hundreds digit of 45606?
6
What is the units digit of 723?
3
What is the units digit of 1648?
8
What is the hundreds digit of 7679?
6
What is the hundreds digit of 339?
3
What is the tens digit of 202?
0
What is the units digit of 190529?
9
What is the units digit of 4034?
4
What is the hundreds digit of 275?
2
What is the tens digit of 851?
5
What is the hundreds digit of 85096?
0
What is the thousands digit of 3854?
3
What is the hundreds digit of 334?
3
What is the tens digit of 1810?
1
What is the units digit of 232?
2
What is the tens digit of 9661?
6
What is the units digit of 3460?
0
What is the units digit of 104281?
1
What is the units digit of 763?
3
What is the units digit of 30600?
0
What is the units digit of 37143?
3
What is the hundreds digit of 9911?
9
What is the units digit of 11829?
9
What is the hundreds digit of 14483?
4
What is the hundreds digit of 14839?
8
What is the tens digit of 790?
9
What is the tens digit of 6619?
1
What is the tens digit of 11056?
5
What is the units digit of 7553?
3
What is the hundreds digit of 12912?
9
What is the tens digit of 8205?
0
What is the thousands digit of 24648?
4
What is the tens digit of 43805?
0
What is the thousands digit of 2779?
2
What is the tens digit of 21710?
1
What is the hundreds digit of 17479?
4
What is the hundreds digit of 914?
9
What is the hundreds digit of 440?
4
What is the hundreds digit of 337?
3
What is the ten thousands digit of 16899?
1
What is the ten thousands digit of 10880?
1
What is the hundreds digit of 4802?
8
What is the hundreds digit of 171183?
1
What is the tens digit of 3921?
2
What is the units digit of 845?
5
What is the hundred thousands digit of 179622?
1
What is the units digit of 2193?
3
What is the units digit of 3785?
5
What is the ten thousands digit of 22621?
2
What is the thousands digit of 16554?
6
What is the hundreds digit of 18723?
7
What is the hundreds digit of 4801?
8
What is the units digit of 652?
2
What is the hundreds digit of 2270?
2
What is the hundred thousands digit of 129703?
1
What is the tens digit of 3538?
3
What is the thousands digit of 2149?
2
What is the units digit of 376?
6
What is the tens digit of 244?
4
What is the units digit of 2314?
4
What is the units digit of 8205?
5
What is the units digit of 11213?
3
What is the tens digit of 1064?
6
What is the ten thousands digit of 27600?
2
What is the units digit of 24434?
4
What is the tens digit of 40305?
0
What is the hundreds digit of 125075?
0
What is the tens digit of 4335?
3
What is the thousands digit of 1960?
1
What is the thousands digit of 2631?
2
What is the units digit of 3715?
5
What is the tens digit of 48341?
4
What is the thousands digit of 28200?
8
What is the units digit of 1231?
1
What is the hundreds digit of 158?
1
What is the ten thousands digit of 67501?
6
What is the units digit of 421?
1
What is the thousands digit of 4459?
4
What is the units digit of 50580?
0
What is the hundreds digit of 106826?
8
What is the hundreds digit of 642?
6
What is the tens digit of 792?
9
What is the units digit of 40666?
6
What is the hundreds digit of 735?
7
What is the hundreds digit of 4464?
4
What is the units digit of 11797?
7
What is the thousands digit of 7759?
7
What is the thousands digit of 1017?
1
What is the tens digit of 577?
7
What is the hundreds digit of 8724?
7
What is the units digit of 524?
4
What is the units digit of 2069?
9
What is the hundreds digit of 410?
4
What is the hundreds digit of 13492?
4
What is the hundreds digit of 1935?
9
What is the tens digit of 14497?
9
What is the tens digit of 7069?
6
What is the thousands digit of 1332?
1
What is the ten thousands digit of 14498?
1
What is the hundreds digit of 3290?
2
What is the hundreds digit of 57454?
4
What is the hundreds digit of 787?
7
What is the thousands digit of 8163?
8
What is the hundreds digit of 2642?
6
What is the hundreds digit of 73071?
0
What is the units digit of 138392?
2
What is the tens digit of 94?
9
What is the hundreds digit of 38507?
5
What is the hundreds digit of 8794?
7
What is the tens digit of 1413?
1
What is the hundreds digit of 24295?
2
What is the ten thousands digit of 80779?
8
What is the ten thousands digit of 27477?
2
What is the units digit of 593?
3
What is the hundreds digit of 625?
6
What is the thousands digit of 8070?
8
What is the tens digit of 291?
9
What is the tens digit of 192?
9
What is the hundreds digit of 72856?
8
What is the hundreds digit of 40562?
5
What is the tens digit of 113763?
6
What is the units digit of 375?
5
What is the tens digit of 21?
2
What is the hundreds digit of 177?
1
What is the units digit of 12237?
7
What is the units digit of 7487?
7
What is the tens digit of 81948?
4
What is the thousands digit of 3197?
3
What is the tens digit of 227?
2
What is the hundreds digit of 843?
8
What is the units digit of 1709?
9
What is the units digit of 454?
4
What is the tens digit of 877?
7
What is the hundreds digit of 1381?
3
What is the units digit of 5558?
8
What is the tens digit of 4878?
7
What is the hundreds digit of 221?
2
What is the thousands digit of 95156?
5
What is the tens digit of 426?
2
What is the tens digit of 46239?
3
What is the tens digit of 54627?
2
What is the tens digit of 26700?
0
What is the units digit of 724?
4
What is the tens digit of 10398?
9
What is the units digit of 6087?
7
What is the thousands digit of 18673?
8
What is the units digit of 6718?
8
What is the thousands digit of 7277?
7
What is the thousands digit of 7565?
7
What is the thousands digit of 42094?
2
What is the tens digit of 2206?
0
What is the units digit of 144?
4
What is the ten thousands digit of 89292?
8
What is the tens digit of 246?
4
What is the tens digit of 57636?
3
What is the tens digit of 3042?
4
What is the tens digit of 2030?
3
What is the thousands digit of 41241?
1
What is the hundreds digit of 998?
9
What is the hundreds digit of 47430?
4
What is the hundreds digit of 84263?
2
What is the thousands digit of 6071?
6
What is the thousands digit of 15968?
5
What is the thousands digit of 48978?
8
What is the tens digit of 27233?
3
What is the hundreds digit of 5012?
0
What is the ten thousands digit of 25052?
2
What is the tens digit of 4398?
9
What is the thousands digit of 1688?
1
What is the units digit of 86954?
4
What is the hundreds digit of 708?
7
What is the hundreds digit of 10449?
4
What is the ten thousands digit of 19690?
1
What is the tens digit of 23168?
6
What is the hundreds digit of 578?
5
What is the thousands digit of 10211?
0
What is the tens digit of 2733?
3
What is the thousands digit of 7067?
7
What is the units digit of 8604?
4
What is the thousands digit of 1425?
1
What is the hundreds digit of 2436?
4
What is the tens digit of 44116?
1
What is the hundreds digit of 742?
7
What is the thousands digit of 10103?
0
What is the hundreds digit of 3683?
6
What is the tens digit of 932?
3
What is the units digit of 3591?
1
What is the tens digit of 1539?
3
What is the hundreds digit of 5271?
2
What is the thousands digit of 1013?
1
What is the hundreds digit of 876?
8
What is the hundreds digit of 396?
3
What is the hundreds digit of 66836?
8
What is the thousands digit of 12282?
2
What is the tens digit of 2247?
4
What is the thousands digit of 1420?
1
What is the tens digit of 59?
5
What is the hundreds digit of 3950?
9
What is the thousands digit of 2293?
2
What is the units digit of 3255?
5
What is the thousands digit of 12815?
2
What